 Let c = 23 + n. Let f = 8 - c. List the prime factors of f.
2, 5
Suppose -o - 3*o = -3*x - 307, -3*x = -9. Suppose -k + 4*v = -o, 4*v + 5 = 1. What are the prime factors of k?
3, 5
Let p be (-168)/(-36) - 8/(-6). Let a(r) = r**3 - 5*r**2 - r + 4. What are the prime factors of a(p)?
2, 17
Let g = 1161 - -1575. What are the prime factors of g?
2, 3, 19
Suppose 42*c = 32*c + 2690. What are the prime factors of c?
269
Let w(h) = h**3 + 5*h**2 + 4*h + 3. Let v be w(-4). Suppose a - s - 43 = -v*a, -5*a - 5*s = -35. What are the prime factors of a?
2, 5
Let i(c) = c**2 - 15. List the prime factors of i(-19).
2, 173
Let t(y) = 36*y**2 - 4*y + 4. List the prime factors of t(2).
2, 5, 7
Let d(l) = l**2 + 0 - l - 7*l**2 + 7 + l**3. List the prime factors of d(7).
7
Suppose 4*y - q - 799 = 3*y, 0 = -4*q + 12. What are the prime factors of y?
2, 401
Let d(s) be the second derivative of 0 - 1/2*s**4 + s**2 - 5/6*s**3 + 1/20*s**5 - 2*s. List the prime factors of d(7).
2
Suppose -5*i + 53 + 492 = 0. What are the prime factors of i?
109
Let l(m) = m**2 - 4*m - 1. Suppose 4 = -3*b + 22. Suppose 0 = k - b - 0. What are the prime factors of l(k)?
11
Let n(f) = -5*f + 10. Let z(w) = -w + 2. Let t(u) = 4*n(u) - 22*z(u). Suppose -3*y + 35 = 4*j, -4*y + 2*y = 3*j - 25. List the prime factors of t(y).
2, 3
Let y(l) = l**3 - 8*l**2 + 6. Let w be y(8). Suppose -w*b = -7*b. Suppose b*q + 3 = q. List the prime factors of q.
3
Let i = 2734 - 1739. What are the prime factors of i?
5, 199
Let f = -380 + 194. What are the prime factors of ((-1)/(-2))/(13 + -14)*f?
3, 31
Let r(i) = -8*i + 5. Let a be r(-6). Let b = a - 21. List the prime factors of b.
2
Let n(o) = 2*o**2 - 12*o - 246. What are the prime factors of n(-13)?
2, 31
Let a(n) = -65*n - 224. List the prime factors of a(-21).
7, 163
Let h = -28 - -31. Suppose r + 0*r - 3*s = 54, -4*r - h*s = -231. List the prime factors of r.
3, 19
Suppose -5*t + 1098 = -2*t. Suppose -i = 2*i - t. Suppose 6*q = 4*j + 4*q - i, 2*q = -j + 28. What are the prime factors of j?
2, 3, 5
Suppose g = -0*g + 8. Let m = -6 + g. List the prime factors of m*((-225)/(-6))/3.
5
Let q = -47 + 197. Suppose -6*k + 3*k + q = 0. What are the prime factors of k?
2, 5
Let q(s) = s + 11. Let t be q(-4). Let v(c) = c**2 - 7*c + 3. Let y be v(t). Suppose -y*n = -2*n - 16. List the prime factors of n.
2
Suppose 5*r = 2*r + 228. Let d = 166 - r. What are the prime factors of d?
2, 3, 5
Suppose 4*j - 7 = 5, 2*l + 4*j = 368. List the prime factors of l.
2, 89
List the prime factors of (-94156)/(-20) + (-162)/90.
2, 13, 181
Let u(x) = -7*x**3 - x**2 + x + 1. Let r be u(1). Let w(z) = 6*z**2 - 6*z + 0*z**2 + z**3 - 2*z - 9. What are the prime factors of w(r)?
3, 13
Suppose 21*z - 24*z = -12. What are the prime factors of 101 + (z - 4 - -5)?
2, 53
Let o(g) = 166*g - 305. List the prime factors of o(13).
17, 109
Suppose 0*o - 3*o = -6, 5*h + 4*o = 3503. What are the prime factors of h?
3, 233
Let d be ((-30)/9 - -3) + 319/3. What are the prime factors of (d/6)/((-9)/(-27))?
53
Suppose -44*g + 46*g = -8, 12658 = 3*z + 2*g. List the prime factors of z.
2, 2111
Let f = -124 - -217. Suppose 3*i - 4*w = -w + f, w + 155 = 5*i. List the prime factors of i.
31
Let i = 26 + 74. Suppose -10 = -5*o + i. What are the prime factors of o?
2, 11
Suppose 0 = 2*f + 3*f - 20160. Suppose p + f = -3*p. What are the prime factors of p/(-27) + (-4)/(-6)?
2, 19
Let n(z) = -3*z - 34. Let w be n(-14). Suppose -w*h + 15 + 9 = 0. What are the prime factors of h?
3
Let d be (8/20)/(1/70). Suppose 0 = -25*c + d*c. Suppose c = 2*p - 101 - 15. What are the prime factors of p?
2, 29
Suppose a = -12 + 28. Suppose v = a + 68. List the prime factors of v.
2, 3, 7
Suppose -50*l + 53*l = 3138. List the prime factors of l.
2, 523
Let f(b) = 40*b**2 - 24*b - 22. List the prime factors of f(-2).
2, 3, 31
Suppose -4*a - 4 = -j + 5*j, -j - 3 = 0. Suppose 3*r + a*r - 235 = 0. List the prime factors of r.
47
Suppose 3*l - 5*y + 18 = -2*y, 0 = -5*l + 2*y - 33. Let d(s) = 6*s + 3. Let c(z) = -5*z - 3. Let r(w) = 3*c(w) + 2*d(w). What are the prime factors of r(l)?
2, 3
Suppose -3*d + 2*t + 4927 = 0, 11*d - 4913 = 8*d - 5*t. What are the prime factors of d?
3, 547
Let r be (3 + (-2 - -3))*-1. Let y = 235 + r. List the prime factors of 10/(-25) + y/15.
3, 5
Suppose b - 4*z - 2 = 0, -8*z + 6 = -5*b - 4*z. What are the prime factors of (36/(-54))/(b/(-20))*-45?
2, 3, 5
Suppose 5*b - 14 = 1. Let d(l) = -3 - 7*l**2 + 2*l**3 + 0 - 3*l - b*l**3. List the prime factors of d(-7).
2, 3
Let q(o) = -o**2 + 10*o - 10. Let v be q(13). Let c = 94 - v. What are the prime factors of c?
11, 13
Suppose -43*c + 14065 + 30139 = 0. List the prime factors of c.
2, 257
Suppose 6*r + 10*r = 4544. What are the prime factors of r?
2, 71
Let l(k) = k**3 + 6*k**2 - 7*k. Let g be l(-7). Let a be g/(-2 - -2*2). Suppose m - 12 - 1 = a. List the prime factors of m.
13
Let z be (-8)/3 + (-1)/3. Let i(k) = -2*k + 3*k**2 - k - 6*k**2 + 4 + 7*k**2 + k**3. What are the prime factors of i(z)?
2, 11
Suppose -3 = -4*o + j, -18 = -2*o + 3*o - 4*j. Suppose 0 = o*d + 4*h - 0*h - 32, -2*d + h + 42 = 0. What are the prime factors of d?
2, 5
Suppose -3*h = 0, -h = 4*s + 4*h - 8. What are the prime factors of (-39)/s*(-20)/10?
3, 13
Suppose 5*x + 4*f = 10, x + 5*f + 3 = 5. Suppose -x*v = i + 2*i - 21, -5*v = -2*i - 5. Suppose -91 = -v*a + 35. List the prime factors of a.
2, 3, 7
Let t(j) = -5*j + 10 + 2*j + 92*j**2 - 90*j**2. List the prime factors of t(3).
19
Let y(z) = -z + 6 + 2*z - z + z**2. Let c be y(0). Let h(k) = -k**3 + 8*k**2 - 6*k - 7. What are the prime factors of h(c)?
29
Suppose -9626 - 5839 = -15*u. What are the prime factors of u?
1031
Let a(p) = -9*p + 152. Let r(n) = -5*n + 75. Let v(t) = 6*a(t) - 11*r(t). What are the prime factors of v(-12)?
3, 5
Suppose -6688 = -5*n - 17*n. What are the prime factors of n?
2, 19
Let v(f) = f**3 - 5*f**2 - f - 4. Let i be v(6). Suppose -24*s + 731 = -7*s. Let d = s - i. What are the prime factors of d?
17
Suppose -10*g + g = -27. Suppose 21 = -g*v + 414. What are the prime factors of v?
131
Let f(o) = -22*o + 6. Let u be f(-6). Suppose 2*w - 3*t - u = 0, 2*w - 3*w + 55 = -5*t. What are the prime factors of w?
3, 5
Let p = 27 - 23. Suppose 4*i + 3*f + f - 4 = 0, p*i - 20 = 4*f. What are the prime factors of 2 + 0 - (-30 - i)?
5, 7
Let c = 1309 - 416. List the prime factors of c.
19, 47
Suppose h = -3*m + 6475, m + 394 = 5*h + 2547. What are the prime factors of m?
2, 13, 83
Let n = -248 - -502. List the prime factors of n.
2, 127
Let y = 101 + -25. What are the prime factors of y?
2, 19
Let b(q) = -q**2 - 17*q - 10. Let x = -12 - -1. Let j be b(x). Let i = j - 17. List the prime factors of i.
3, 13
Let h = 1134 + -254. List the prime factors of h.
2, 5, 11
Suppose -2*b + 4*b = 2, b = -4*h - 231. Let f = h + 320. List the prime factors of f.
2, 131
Let i(g) = 8*g**3 - 7*g**2 - 24*g + 78. What are the prime factors of i(6)?
2, 3, 5, 47
Suppose -6*a + 10 = -194. Suppose -3*n - a = -4*n. What are the prime factors of n?
2, 17
Let y(f) = 5*f**2 - 7*f + 1. Let r be y(3). Let x = 53 - r. List the prime factors of x.
2, 7
Let g(l) = 121*l - 4. Let h(p) = -40*p + 1. Let r(v) = 4*g(v) + 11*h(v). What are the prime factors of r(4)?
3, 19
Let f = -3 - -5. What are the prime factors of (7/21 - 0)/(f/282)?
47
Suppose 0 = -f - 3, 2*u + 198 = 6*u + 2*f. Let q = -89 - u. What are the prime factors of (-19)/(-57) - q/3?
47
Let o = -2354 - -3359. What are the prime factors of o?
3, 5, 67
Let d = -50 - -54. Suppose 3*a = 4*n - 0*n + 11, d*a - 4*n = 16. What are the prime factors of a?
5
Let p be (-1566)/(-30) - (-4)/5. Let f = 76 - p. What are the prime factors of f?
23
Let i be (9*1)/(6/48*6). Let q(u) = u**2 + 7*u - 1. List the prime factors of q(i).
227
Let o(h) = 15*h**2 + 2*h - 15. List the prime factors of o(5).
2, 5, 37
Suppose -178*m + 154*m + 80688 = 0. What are the prime factors of m?
2, 41
Let r(v) = -2*v**3 - 7*v**2 + 19*v + 33. Let k be ((-35)/(-15))/(1/(-3)). What are the prime factors of r(k)?
3
Let h(y) = 3*y**2 + y - 1. Let i be h(1). Let c = -1312 - -1296. List the prime factors of (-3)/(4/c*i).
2
List the prime factors of (-20667)/(-6) - (190/20 + -8).
11, 313
Let y = 2 + -22. Let o(k) = -5*k + 23. Lis